e the prime factors of 157333?
11, 14303
List the prime factors of 383705.
5, 7, 19, 577
List the prime factors of 337505.
5, 7, 9643
What are the prime factors of 685121?
19, 107, 337
What are the prime factors of 12988960?
2, 5, 81181
List the prime factors of 95126.
2, 47563
List the prime factors of 42017.
42017
What are the prime factors of 144794?
2, 13, 5569
What are the prime factors of 13472186?
2, 7, 13, 79, 937
What are the prime factors of 3107929?
11, 67, 4217
List the prime factors of 162778.
2, 7, 11, 151
What are the prime factors of 6426167?
11, 61, 157
List the prime factors of 28213183.
17, 191, 8689
List the prime factors of 192340.
2, 5, 59, 163
List the prime factors of 3517567.
67, 52501
List the prime factors of 1097768.
2, 7, 19603
List the prime factors of 1033372.
2, 19, 13597
List the prime factors of 5247226.
2, 641, 4093
List the prime factors of 252720.
2, 3, 5, 13
List the prime factors of 11480413.
7, 1640059
What are the prime factors of 477724?
2, 13, 9187
List the prime factors of 6874177.
6874177
What are the prime factors of 1831405?
5, 157, 2333
What are the prime factors of 567413?
7, 11, 7369
List the prime factors of 3601188.
2, 3, 167, 599
What are the prime factors of 33767403?
3, 157, 71693
What are the prime factors of 180279?
3, 11, 607
What are the prime factors of 150989?
150989
What are the prime factors of 592173?
3, 19, 3463
List the prime factors of 6403850.
2, 5, 211, 607
List the prime factors of 1446492.
2, 3, 149, 809
What are the prime factors of 10682672?
2, 7, 11, 13, 23, 29
What are the prime factors of 32459?
7, 4637
What are the prime factors of 1357931?
79, 17189
List the prime factors of 19189956.
2, 3, 307, 5209
What are the prime factors of 2229100?
2, 5, 22291
List the prime factors of 325289.
23, 14143
List the prime factors of 11965465.
5, 349, 6857
List the prime factors of 13703640.
2, 3, 5, 114197
List the prime factors of 820897.
7, 11, 1523
What are the prime factors of 576428?
2, 53, 2719
What are the prime factors of 1203746?
2, 601873
List the prime factors of 7087428.
2, 3, 196873
List the prime factors of 10847436.
2, 3, 83, 10891
What are the prime factors of 2169793?
97, 22369
What are the prime factors of 897176?
2, 7, 37, 433
List the prime factors of 2666501.
17, 101, 1553
What are the prime factors of 191922?
2, 3, 29, 1103
List the prime factors of 2256496.
2, 11, 12821
List the prime factors of 454721.
454721
What are the prime factors of 402824?
2, 43, 1171
List the prime factors of 8940483.
3, 137, 2417
List the prime factors of 8222.
2, 4111
List the prime factors of 416256.
2, 3, 271
What are the prime factors of 3397236?
2, 3, 101, 2803
List the prime factors of 1105664.
2, 7, 617
What are the prime factors of 1112146?
2, 7, 19, 37, 113
List the prime factors of 83528.
2, 53, 197
What are the prime factors of 2884982?
2, 23, 59, 1063
List the prime factors of 723263.
723263
What are the prime factors of 1918050?
2, 3, 5, 19, 673
List the prime factors of 295345.
5, 59069
List the prime factors of 4353923.
7, 23, 27043
What are the prime factors of 107752?
2, 13469
What are the prime factors of 146981?
103, 1427
What are the prime factors of 185543?
185543
List the prime factors of 4406033.
683, 6451
What are the prime factors of 303852?
2, 3, 25321
What are the prime factors of 492800?
2, 5, 7, 11
What are the prime factors of 2114925?
3, 5, 163, 173
List the prime factors of 364943.
364943
List the prime factors of 535155.
3, 5, 35677
What are the prime factors of 4507059?
3, 31, 48463
What are the prime factors of 113479?
37, 3067
What are the prime factors of 1748465?
5, 59, 5927
List the prime factors of 1210043.
17, 53, 79
List the prime factors of 67668.
2, 3, 5639
What are the prime factors of 1768477?
1768477
What are the prime factors of 896471?
23, 38977
List the prime factors of 470170.
2, 5, 47017
What are the prime factors of 1872335?
5, 439, 853
List the prime factors of 1193270.
2, 5, 13, 67, 137
What are the prime factors of 914671?
197, 4643
List the prime factors of 9016440.
2, 3, 5, 227, 331
What are the prime factors of 1366319?
599, 2281
List the prime factors of 4503.
3, 19, 79
List the prime factors of 19493873.
7, 983, 2833
What are the prime factors of 14997?
3, 4999
List the prime factors of 74879.
7, 19, 563
What are the prime factors of 263630?
2, 5, 41, 643
What are the prime factors of 1640848?
2, 11, 9323
What are the prime factors of 61610?
2, 5, 61, 101
What are the prime factors of 2587263?
3, 7, 123203
What are the prime factors of 12168239?
12168239
List the prime factors of 50747.
31, 1637
What are the prime factors of 114374?
2, 13, 53, 83
What are the prime factors of 327980?
2, 5, 23, 31
What are the prime factors of 177184?
2, 7, 113
What are the prime factors of 59474?
2, 131, 227
What are the prime factors of 340749?
3, 37861
What are the prime factors of 69438?
2, 3, 71, 163
What are the prime factors of 164920?
2, 5, 7, 19, 31
List the prime factors of 4538058.
2, 3, 7, 167, 647
What are the prime factors of 5950580?
2, 5, 113, 2633
What are the prime factors of 3015631?
113, 26687
What are the prime factors of 19711370?
2, 5, 7, 97, 2903
What are the prime factors of 560792?
2, 70099
List the prime factors of 11726896.
2, 149, 4919
List the prime factors of 1548588.
2, 3, 129049
List the prime factors of 335139.
3, 7, 15959
What are the prime factors of 246824?
2, 30853
List the prime factors of 657338.
2, 11, 29879
What are the prime factors of 135852?
2, 3, 11321
List the prime factors of 20286389.
17, 337, 3541
List the prime factors of 997564.
2, 113, 2207
List the prime factors of 1646025.
3, 5, 17, 1291
What are the prime factors of 9742697?
311, 31327
List the prime factors of 169744.
2, 103
What are the prime factors of 9121566?
2, 3, 193, 7877
What are the prime factors of 6168498?
2, 3, 7, 227, 647
What are the prime factors of 12453294?
2, 3, 7, 296507
List the prime factors of 2410429.
7, 344347
What are the prime factors of 121107?
3, 7, 73, 79
What are the prime factors of 2119232?
2, 33113
List the prime factors of 595966.
2, 7, 42569
List the prime factors of 484060.
2, 5, 24203
List the prime factors of 704776.
2, 37, 2381
What are the prime factors of 295580?
2, 5, 14779
What are the prime factors of 74830?
2, 5, 7, 1069
What are the prime factors of 476963?
29, 16447
What are the prime factors of 280249?
280249
What are the prime factors of 203409?
3, 97, 233
What are the prime factors of 145679?
145679
What are the prime factors of 961400?
2, 5, 11, 19, 23
List the prime factors of 12155586.
2, 3, 257, 7883
List the prime factors of 1644809.
89, 18481
What are the prime factors of 584322?
2, 3, 97387
List the prime factors of 327261.
3, 11, 47, 211
What are the prime factors of 2201123?
23, 95701
List the prime factors of 4471201.
7, 91249
What are the prime factors of 467729?
467729
What are the prime factors of 1875365?
5, 157, 2389
What are the prime factors of 871248?
2, 3, 7, 2593
List the prime factors of 18215530.
2, 5, 1821553
What are the prime factors of 2791312?
2, 174457
What are the prime factors of 14425?
5, 577
List the prime factors of 7553172.
2, 3, 11, 57221
What are the prime factors of 12571603?
11, 127, 8999
What are the prime factors of 2763518?
2, 1381759
List the prime factors of 8559626.
2, 4279813
What are the prime factors of 978745?
5, 61, 3209
What are the prime factors of 3782590?
2, 5, 7, 54037
What are the prime factors of 379263?
3, 126421
What are the prime factors of 163402?
2, 81701
What are the prime factors of 400825?
5, 16033
List the prime factors of 2729871.
3, 53, 59, 97
List the prime factors of 4029861.
3, 11, 122117
List the prime factors of 293331.
3, 97777
What are the prime factors of 647842?
2, 13, 24917
List the prime factors of 298679.
298679
List the prime factors of 219381.
3, 73127
List the prime factors of 3211316.
2, 802829
List the prime factors of 1633136.
2, 102071
List the prime factors of 77187.
3, 11, 2339
List the prime factors of 490591.
490591
What are the prime factors of 215054?
2, 7, 15361
List the prime factors of 53708.
2, 29, 463
What are the prime factors of 456176?
2, 7, 4073
What are the prime factors of 74444